{"id":118,"date":"2025-05-20T06:13:08","date_gmt":"2025-05-20T06:13:08","guid":{"rendered":"https:\/\/www.zm-consulting.cz\/?page_id=118"},"modified":"2025-05-20T06:15:25","modified_gmt":"2025-05-20T06:15:25","slug":"118-2","status":"publish","type":"page","link":"https:\/\/www.zm-consulting.cz\/?page_id=118","title":{"rendered":"N\u00e1bor"},"content":{"rendered":"\n<p>ZM International v\u00edt\u00e1 z\u00e1stupce zam\u011bstnavatel\u016f pro v\u00fdb\u011br kandid\u00e1t\u016f na va\u0161e pozice. <\/p>\n\n\n\n<h5 class=\"wp-block-heading\"><br>Zprost\u0159edkujeme v\u00e1m n\u00e1bor pracovn\u00ed s\u00edly od pl\u00e1nov\u00e1n\u00ed, p\u0159\u00edpravy, vyhled\u00e1n\u00ed a\u017e po dopravu a p\u0159ijet\u00ed konkr\u00e9tn\u00edho zam\u011bstnance.<\/h5>\n\n\n\n<p>M\u016f\u017eeme b\u00fdt pov\u011b\u0159eni odpov\u011bdnost\u00ed v\u00fdb\u011bru kandid\u00e1t\u016f, proto\u017ee na\u0161e agentura je spravov\u00e1na profesion\u00e1ln\u00edmi odborn\u00edky na n\u00e1boru a zku\u0161en\u00fdmi mana\u017eery. M\u016f\u017eeme ur\u010dit\u011b identifikovat spr\u00e1vn\u00e9 kandid\u00e1ty pro spr\u00e1vnou pr\u00e1ci.<\/p>\n\n\n\n<h5 class=\"wp-block-heading\">Po p\u0159ijet\u00ed popt\u00e1vky sledujeme tento proces:<\/h5>\n\n\n\n<p>Z\u00edsk\u00e1n\u00ed povolen\u00ed k n\u00e1boru od ministerstva vl\u00e1dy v Nep\u00e1lu pr\u00e1ce<br>Inzerce popt\u00e1vky v n\u00e1rodn\u00edch denn\u00edch novin\u00e1ch<br>Sb\u011br dat z\u00e1jemc\u016f \u2013 n\u00e1\u0161 odborn\u00edk prov\u00e1d\u00ed prim\u00e1rn\u00ed v\u00fdb\u011br<br>Mo\u017enost z\u00e1v\u011bre\u010dn\u00e9ho rozhovoru<\/p>\n\n\n\n<h5 class=\"wp-block-heading\">P\u0159i v\u00fdb\u011bru:<\/h5>\n\n\n\n<p>Z\u00edsk\u00e1te kopie pas\u016f vybran\u00fdch kandid\u00e1t\u016f<br>Zajist\u00edme l\u00e9ka\u0159sk\u00e9 vy\u0161et\u0159en\u00ed kandid\u00e1t\u016f a shroma\u017e\u010fov\u00e1n\u00ed osv\u011bd\u010den\u00ed o fitness, fotografie<br>Dokumenty pom\u00e1haj\u00ed p\u0159i z\u00edsk\u00e1v\u00e1n\u00ed v\u00edz z p\u0159\u00edslu\u0161n\u00fdch ambas\u00e1d<br>Pracovn\u00ed povolen\u00ed k odbaven\u00ed imigrace od ministerstva vl\u00e1dy v Nep\u00e1lu pr\u00e1ce<br>Zajist\u00edme letenky<br>Udr\u017eujeme neust\u00e1l\u00fd kontakt se zam\u011bstnavatelem a informujeme je o rozvoji v\u0161ech ujedn\u00e1n\u00ed<br>P\u0159iprav\u00edme pracovn\u00edky na soci\u00e1ln\u00ed, politick\u00e9, pr\u00e1vn\u00ed, kulturn\u00ed a environment\u00e1ln\u00ed rozmanitosti hostitelsk\u00e9 zem\u011b, ment\u00e1ln\u00cd p\u0159iprava na p\u0159izp\u016fsoben\u00ed se nov\u00e9mu pracovn\u00edmu prost\u0159ed\u00ed<br> P\u0159edlo\u017e\u00edme kopii pracovn\u00ed smlouvy kandid\u00e1t\u016fm p\u0159ed jejich odjezdem do zem\u011b zam\u011bstn\u00e1n\u00ed <br>Sezn\u00e1m\u00edme pracovn\u00edky se skute\u010dn\u00fdmi podm\u00ednkami zam\u011bstn\u00e1n\u00ed p\u0159ed jejich odjezdem <br>Organizujeme odjezd pracovn\u00edk\u016f a informujte zam\u011bstnavatele o potvrzen\u00ed vyzvednut\u00ed leti\u0161t\u011b <br>Zajist\u00edme \u0159\u00e1dn\u00e9 a v\u010dasn\u00e9 v\u00fdm\u011bny pracovn\u00edk\u016f, pokud je n\u011bkdo shled\u00e1n nevhodn\u00fdm pro pr\u00e1ci v obdob\u00ed probace<br>\u0158e\u0161\u00edme probl\u00e9my, kter\u00e9 se mohou objevuit b\u011bhem smluvn\u00edho obdob\u00ed<\/p>\n\n\n\n<p><\/p>\n","protected":false},"excerpt":{"rendered":"<p>ZM International v\u00edt\u00e1 z\u00e1stupce zam\u011bstnavatel\u016f pro v\u00fdb\u011br kandid\u00e1t\u016f na va\u0161e pozice. Zprost\u0159edkujeme v\u00e1m n\u00e1bor pracovn\u00ed s\u00edly od pl\u00e1nov\u00e1n\u00ed, p\u0159\u00edpravy, vyhled\u00e1n\u00ed a\u017e po dopravu a p\u0159ijet\u00ed&hellip;<\/p>\n","protected":false},"author":1,"featured_media":0,"parent":0,"menu_order":0,"comment_status":"closed","ping_status":"closed","template":"","meta":{"footnotes":""},"class_list":["post-118","page","type-page","status-publish","hentry"],"_links":{"self":[{"href":"https:\/\/www.zm-consulting.cz\/index.php?rest_route=\/wp\/v2\/pages\/118","targetHints":{"allow":["GET"]}}],"collection":[{"href":"https:\/\/www.zm-consulting.cz\/index.php?rest_route=\/wp\/v2\/pages"}],"about":[{"href":"https:\/\/www.zm-consulting.cz\/index.php?rest_route=\/wp\/v2\/types\/page"}],"author":[{"embeddable":true,"href":"https:\/\/www.zm-consulting.cz\/index.php?rest_route=\/wp\/v2\/users\/1"}],"replies":[{"embeddable":true,"href":"https:\/\/www.zm-consulting.cz\/index.php?rest_route=%2Fwp%2Fv2%2Fcomments&post=118"}],"version-history":[{"count":4,"href":"https:\/\/www.zm-consulting.cz\/index.php?rest_route=\/wp\/v2\/pages\/118\/revisions"}],"predecessor-version":[{"id":123,"href":"https:\/\/www.zm-consulting.cz\/index.php?rest_route=\/wp\/v2\/pages\/118\/revisions\/123"}],"wp:attachment":[{"href":"https:\/\/www.zm-consulting.cz\/index.php?rest_route=%2Fwp%2Fv2%2Fmedia&parent=118"}],"curies":[{"name":"wp","href":"https:\/\/api.w.org\/{rel}","templated":true}]}}