{"id":125,"date":"2025-05-20T06:24:06","date_gmt":"2025-05-20T06:24:06","guid":{"rendered":"https:\/\/www.zm-consulting.cz\/?page_id=125"},"modified":"2025-05-20T06:24:06","modified_gmt":"2025-05-20T06:24:06","slug":"kandidati","status":"publish","type":"page","link":"https:\/\/www.zm-consulting.cz\/?page_id=125","title":{"rendered":"Kandid\u00e1ti"},"content":{"rendered":"\n<p><br>T\u00e9m\u011b\u0159 85% populace \u017eije ve venkovsk\u00fdch oblastech. Pracuj\u00ed piln\u011b na zem\u011bd\u011blstv\u00ed, hospod\u00e1\u0159sk\u00fdch zv\u00ed\u0159atech a rybolovu pro jejich \u017eivobyt\u00ed a n\u011bkolik pr\u00e1ce v pr\u016fmyslov\u00fdch odv\u011btv\u00edch. Jsou fyzicky siln\u00e9, pracn\u00e9, oddan\u00e9 a poslu\u0161n\u00e9 a snadno se p\u0159izp\u016fsobuj\u00ed jak\u00e9mukoli prost\u0159ed\u00ed. <\/p>\n\n\n\n<p>Modern\u00ed m\u011bstsk\u00e1 populace tak\u00e9 v\u00fdrazn\u011b rozrostla v ml\u00fdnech, tov\u00e1rn\u00e1ch, stavebn\u00edch projektech. kancel\u00e1\u0159e a instituce. Vl\u00e1da a soukrom\u00e9 univerzity v Nep\u00e1lu vytv\u00e1\u0159ej\u00ed ka\u017ed\u00fd rok kvalifikovanou pracovn\u00ed s\u00edlu v r\u016fzn\u00fdch oborech. Nap\u0159\u00edklad l\u00e9ka\u0159sk\u00e9 a in\u017een\u00fdrsk\u00e9 vysok\u00e9 \u0161koly v Nep\u00e1lu produkuj\u00ed velk\u00e9 mno\u017estv\u00ed profesion\u00e1ln\u00edch a kvalifikovan\u00fdch absolvent\u016f. <\/p>\n\n\n\n<p>Instituty odborn\u00e9ho vzd\u011bl\u00e1v\u00e1n\u00ed provozovan\u00e9 vl\u00e1dn\u00edmi i soukrom\u00fdmi sektory v zemi pravideln\u011b produkuj\u00ed velk\u00e9 mno\u017estv\u00ed kvalifikovan\u00fdch a kvalifikovan\u00fdch technick\u00fdch pracovn\u00edch sil. Nep\u00e1l, turistick\u00e1 zem\u011b, provozuje mnoho vzd\u011bl\u00e1vac\u00edch institut\u016f, kter\u00e9 se zam\u011b\u0159uj\u00ed na v\u00fdrobu pracovn\u00edch sil pro odv\u011btv\u00ed pohostinstv\u00ed, tak\u00e9 poskytuje velk\u00e9 mno\u017estv\u00ed hotelov\u00fdch pracovn\u00edk\u016f, \u00fa\u0159edn\u00edky cestovn\u00edch z\u00e1jezd\u016f a zam\u011bstnance leteck\u00fdch spole\u010dnost\u00ed. Proto je z hlediska pracovn\u00ed s\u00edly Nep\u00e1l zem\u011b s r\u016fznorodou oblast\u00ed pracovn\u00edk\u016f, kter\u00e1 jsou k dispozici pro nab\u00eddku.<\/p>\n\n\n\n<p>Kulturn\u011b jsme pod p\u0159\u00edsnou soci\u00e1ln\u00ed discipl\u00ednou a jsem vychov\u00e1v\u00e1ni v prost\u0159ed\u00ed koexistence multikulturn\u00ed, multisocion\u00e1ln\u00ed a etnick\u00e9 harmonie v Nep\u00e1lu. Krom\u011b toho jsou nep\u00e1l\u0161t\u00ed pracovn\u00edci flexibiln\u00ed, p\u0159\u00e1tel\u0161t\u00ed a spolupracuj\u00ed a \u017eij\u00ed v klidu s pracovn\u00edky jin\u00fdch n\u00e1rodnost\u00ed p\u0159\u00edtomn\u00fdch ve spole\u010dnosti.<\/p>\n","protected":false},"excerpt":{"rendered":"<p>T\u00e9m\u011b\u0159 85% populace \u017eije ve venkovsk\u00fdch oblastech. Pracuj\u00ed piln\u011b na zem\u011bd\u011blstv\u00ed, hospod\u00e1\u0159sk\u00fdch zv\u00ed\u0159atech a rybolovu pro jejich \u017eivobyt\u00ed a n\u011bkolik pr\u00e1ce v pr\u016fmyslov\u00fdch odv\u011btv\u00edch. Jsou&hellip;<\/p>\n","protected":false},"author":1,"featured_media":0,"parent":0,"menu_order":0,"comment_status":"closed","ping_status":"closed","template":"","meta":{"footnotes":""},"class_list":["post-125","page","type-page","status-publish","hentry"],"_links":{"self":[{"href":"https:\/\/www.zm-consulting.cz\/index.php?rest_route=\/wp\/v2\/pages\/125","targetHints":{"allow":["GET"]}}],"collection":[{"href":"https:\/\/www.zm-consulting.cz\/index.php?rest_route=\/wp\/v2\/pages"}],"about":[{"href":"https:\/\/www.zm-consulting.cz\/index.php?rest_route=\/wp\/v2\/types\/page"}],"author":[{"embeddable":true,"href":"https:\/\/www.zm-consulting.cz\/index.php?rest_route=\/wp\/v2\/users\/1"}],"replies":[{"embeddable":true,"href":"https:\/\/www.zm-consulting.cz\/index.php?rest_route=%2Fwp%2Fv2%2Fcomments&post=125"}],"version-history":[{"count":1,"href":"https:\/\/www.zm-consulting.cz\/index.php?rest_route=\/wp\/v2\/pages\/125\/revisions"}],"predecessor-version":[{"id":127,"href":"https:\/\/www.zm-consulting.cz\/index.php?rest_route=\/wp\/v2\/pages\/125\/revisions\/127"}],"wp:attachment":[{"href":"https:\/\/www.zm-consulting.cz\/index.php?rest_route=%2Fwp%2Fv2%2Fmedia&parent=125"}],"curies":[{"name":"wp","href":"https:\/\/api.w.org\/{rel}","templated":true}]}}